{"id":28,"date":"2019-03-26T09:58:52","date_gmt":"2019-03-26T09:58:52","guid":{"rendered":"https:\/\/piperodental.com\/?page_id=28"},"modified":"2019-04-02T08:41:20","modified_gmt":"2019-04-02T08:41:20","slug":"ortodonzia","status":"publish","type":"page","link":"https:\/\/piperodental.com\/index.php\/ortodonzia\/","title":{"rendered":"Ortodonzia"},"content":{"rendered":"<div class=\"wpb-content-wrapper\"><p>[vc_row equal_height=&#8221;yes&#8221;][vc_column width=&#8221;1\/2&#8243;][vc_row_inner][vc_column_inner][vc_custom_heading text=&#8221;Ortodonzia&#8221; font_container=&#8221;tag:h2|text_align:left|color:%23bd9b2f&#8221; google_fonts=&#8221;font_family:Roboto%3A100%2C100italic%2C300%2C300italic%2Cregular%2Citalic%2C500%2C500italic%2C700%2C700italic%2C900%2C900italic|font_style:700%20bold%20regular%3A700%3Anormal&#8221;][\/vc_column_inner][\/vc_row_inner][vc_column_text]<\/p>\n<p style=\"text-align: justify;\"><span style=\"color: #333333;\">L\u2019Ortodonzia \u00e8 quella branca odontoiatrica che si occupa del\u00a0movimento dentale\u00a0in et\u00e0 adulta e della modifica ortopedica nei soggetti in crescita.<\/span><\/p>\n<p style=\"text-align: justify;\"><span style=\"color: #333333;\">L\u2019obiettivo di questa branca della medicina \u00e8 quello di ottenere un\u2019occlusione ideale\u00a0tra i denti dell\u2019arcata superiore e quelli dell\u2019arcata inferiore per permettere una corretta funzione masticatoria, fonetica ed estetica.<\/span><\/p>\n<p style=\"text-align: justify;\"><span style=\"color: #333333;\">Chi pu\u00f2 sorridere mostrando\u00a0denti sani e regolari\u00a0non solo affronta ogni situazione con maggiore fiducia in se stesso, ma si pone nelle migliori condizioni per una buona salute orale.<\/span><\/p>\n<p style=\"text-align: justify;\"><span style=\"color: #333333;\">Ecco perch\u00e9, anche in et\u00e0 adulta, sempre pi\u00f9 persone decidono di correggere il disallineamento dei propri denti attraverso un trattamento ortodontico.<\/span><\/p>\n<p>[\/vc_column_text][\/vc_column][vc_column width=&#8221;1\/2&#8243;][vc_single_image image=&#8221;227&#8243; img_size=&#8221;full&#8221; image_hovers=&#8221;false&#8221;][vc_row_inner][vc_column_inner width=&#8221;1\/2&#8243;][vc_single_image image=&#8221;229&#8243; img_size=&#8221;full&#8221; alignment=&#8221;center&#8221; image_hovers=&#8221;false&#8221;][\/vc_column_inner][vc_column_inner width=&#8221;1\/2&#8243;][vc_single_image image=&#8221;179&#8243; img_size=&#8221;full&#8221; alignment=&#8221;center&#8221; image_hovers=&#8221;false&#8221;][\/vc_column_inner][\/vc_row_inner][\/vc_column][\/vc_row][vc_row][vc_column][\/vc_column][\/vc_row]<\/p>\n<\/div>","protected":false},"excerpt":{"rendered":"<p>[vc_row equal_height=&#8221;yes&#8221;][vc_column width=&#8221;1\/2&#8243;][vc_row_inner][vc_column_inner][vc_custom_heading text=&#8221;Ortodonzia&#8221; font_container=&#8221;tag:h2|text_align:left|color:%23bd9b2f&#8221; google_fonts=&#8221;font_family:Roboto%3A100%2C100italic%2C300%2C300italic%2Cregular%2Citalic%2C500%2C500italic%2C700%2C700italic%2C900%2C900italic|font_style:700%20bold%20regular%3A700%3Anormal&#8221;][\/vc_column_inner][\/vc_row_inner][vc_column_text] L\u2019Ortodonzia \u00e8 quella branca odontoiatrica che si occupa del\u00a0movimento dentale\u00a0in et\u00e0 adulta e della modifica ortopedica nei soggetti in crescita. L\u2019obiettivo di questa branca della medicina \u00e8 quello di ottenere un\u2019occlusione ideale\u00a0tra i denti dell\u2019arcata superiore e quelli dell\u2019arcata inferiore per permettere una corretta funzione masticatoria, fonetica ed estetica.&hellip;<\/p>\n","protected":false},"author":1,"featured_media":0,"parent":0,"menu_order":0,"comment_status":"closed","ping_status":"closed","template":"","meta":{"footnotes":""},"class_list":["post-28","page","type-page","status-publish","hentry","description-off"],"_links":{"self":[{"href":"https:\/\/piperodental.com\/index.php\/wp-json\/wp\/v2\/pages\/28","targetHints":{"allow":["GET"]}}],"collection":[{"href":"https:\/\/piperodental.com\/index.php\/wp-json\/wp\/v2\/pages"}],"about":[{"href":"https:\/\/piperodental.com\/index.php\/wp-json\/wp\/v2\/types\/page"}],"author":[{"embeddable":true,"href":"https:\/\/piperodental.com\/index.php\/wp-json\/wp\/v2\/users\/1"}],"replies":[{"embeddable":true,"href":"https:\/\/piperodental.com\/index.php\/wp-json\/wp\/v2\/comments?post=28"}],"version-history":[{"count":5,"href":"https:\/\/piperodental.com\/index.php\/wp-json\/wp\/v2\/pages\/28\/revisions"}],"predecessor-version":[{"id":176,"href":"https:\/\/piperodental.com\/index.php\/wp-json\/wp\/v2\/pages\/28\/revisions\/176"}],"wp:attachment":[{"href":"https:\/\/piperodental.com\/index.php\/wp-json\/wp\/v2\/media?parent=28"}],"curies":[{"name":"wp","href":"https:\/\/api.w.org\/{rel}","templated":true}]}}